6*k = -z + 2*k + 13, 5*z + k = 8. Let w be (z - 3) + 39/3. Calculate the highest common factor of w and 121.
11
Let k(w) = 3*w**2 - 24*w + 72. Let l be k(4). What is the greatest common divisor of 160 and l?
8
Suppose -2*n - 331 + 339 = 0. Calculate the greatest common divisor of n and 44.
4
Let f(m) = 3*m**2 - 39*m + 152. Let v be f(9). What is the greatest common divisor of 11 and v?
11
Let f(b) = b**2 - 48*b + 6. Let x be f(48). Suppose 0*d + 3*d + 3*w - 21 = 0, -4*w - 44 = -4*d. Calculate the greatest common divisor of d and x.
3
Let u be (6/(-10))/((-6)/390). What is the greatest common divisor of 52 and u?
13
Suppose 19 + 95 = 6*c. Calculate the greatest common factor of 171 and c.
19
Let t be (-85)/20 - (-1)/4. Let u = 11 - t. Suppose -l + 3 = -3. Calculate the greatest common divisor of l and u.
3
Suppose -4*h - h = 2*z - 29477, h - 5891 = 4*z. Let f be (-2)/(-14)*-3 - h/(-35). Let n = 56 - 35. Calculate the highest common factor of f and n.
21
Suppose 0 = -k + 3*c + 1497, -2*k + 9*c + 2967 = 12*c. What is the highest common factor of k and 48?
48
Suppose 0 = -52*z + 51*z, -5*u = -z - 185. Calculate the highest common factor of u and 111.
37
Suppose 0 = 3*o + t - 188, 138 = 2*o + 4*t + 26. Suppose -5*y + 56 = 5*p - 9*p, -5*p - 44 = -3*y. What is the greatest common factor of o and y?
8
Let x = 12 + -6. Suppose -4*h = -27*h + 1518. Calculate the highest common factor of h and x.
6
Let n = -15 - -35. Let m(b) = -10*b + 39. Let u be m(17). Let y = 9 - u. What is the highest common divisor of n and y?
20
Let c be 3532/14 - (-3 + (-69)/(-21)). What is the highest common divisor of 336 and c?
84
Let w be (-2)/4 - (-6565)/26. What is the highest common factor of w and 28?
28
Suppose -a + 35 + 147 = -4*p, -4*a + 3*p = -728. Calculate the greatest common divisor of 28 and a.
14
Let u(l) = 5*l - 4*l - 1 + 2. Let w be u(4). Let j be 12/(-30) + 127/w. What is the highest common factor of 25 and j?
25
Suppose r + 4*t + 0*t - 22 = 0, -r + 5*t = 23. Suppose -r*w + 152 = -w. Calculate the greatest common divisor of w and 19.
19
Let j be 1836/(-12) - (4 - 1). Let h be j/30*10/(-4). Calculate the greatest common divisor of 130 and h.
13
Suppose 275 - 793 = -2*m. Let u = -333 - -370. Calculate the highest common divisor of u and m.
37
Suppose r - 67 = 11*l - 12*l, 5*l = -2*r + 326. Calculate the highest common divisor of l and 1856.
64
Let d be 1 + 1 + (7 - 6). Suppose -3*m + 677 = -5*u, 4*m - d*u - 1155 = -m. What is the greatest common factor of 26 and m?
26
Let c(i) = -i**2 - 20*i + 83. Let u be c(-23). Calculate the greatest common divisor of 112 and u.
14
Let x be 2/6 + 911/3. Let s(g) = 2*g**2 + 3*g + 3. Let o be s(-5). What is the highest common divisor of x and o?
38
Suppose -3*w = 3*g - 15, -4*g - 3*w - 1 = -5*g. Let o(y) = -13*y**3 + 3*y + 2. Let f be o(-1). Calculate the highest common factor of f and g.
4
Suppose -2*z = -9 - 57. Calculate the highest common divisor of z and 33.
33
Let t(m) = m**2 - 2*m - 6. Let k be t(-6). Let u = -2 + -2. Let p = 10 + u. What is the highest common divisor of k and p?
6
Suppose 320 = 2*r + 6*r. Let k = -37 + r. What is the highest common divisor of k and 12?
3
Let h(p) = -p - 2. Let w be h(-2). Suppose w - 5 = r. Let g be -7*(-1)/r*-5. Calculate the highest common factor of 7 and g.
7
Let p(r) = 151*r**2 + 1. Let s(q) = 3*q - 22. Let f be s(7). Let n be p(f). Calculate the greatest common factor of n and 19.
19
Let c(v) = -6*v**3 + 2*v**2 + 3*v. Let j be c(-2). What is the highest common divisor of j and 450?
50
Let k be (-1254)/77 + 2*(-1)/(-7). Let p = k - -20. Calculate the highest common divisor of 4 and p.
4
Let l = 1052 + -1020. Calculate the highest common factor of 1328 and l.
16
Let y be 5*((-12)/10)/2. Let f(o) = -o**3 - o**2 - 2*o. Let j be f(y). Suppose -j = -4*g + 2*g. Calculate the highest common factor of g and 8.
4
Let t = -7 - -15. Let u(v) = v**2 - 9*v + 2. Let w = -11 + 21. Let g be u(w). What is the highest common factor of t and g?
4
Let z be (5/(-3))/((-2)/54). Suppose -9*k = 3*p - 294, 33*p + 136 = 4*k + 35*p. What is the highest common factor of k and z?
15
Suppose 4*a + l + 180 = 0, 5*l + 19 = -1. Let q = a - -57. Suppose -2*d - 121 = -355. What is the greatest common factor of d and q?
13
Let n(r) = 4*r**2 - 8*r + 56. Let j(a) = 3*a**2 - 5*a + 37. Let b(s) = 7*j(s) - 5*n(s). Let l be b(-12). Calculate the greatest common factor of l and 21.
21
Suppose 0 = -4*c + 3*m + 47, 0 = -4*m - 0 - 4. Suppose c = 4*u - 13. Let l = u - 1. Calculate the greatest common divisor of l and 40.
5
Suppose -2*v + 1 = 21. Let w be (128/v)/(5/(-50)). What is the greatest common factor of w and 16?
16
Let m = 2 - -1. Let u(a) be the third derivative of a**4/12 + 2*a**3/3 - a**2. Let d be u(m). What is the highest common factor of 20 and d?
10
Let a be -4*2/(-20) - 4320/(-200). What is the highest common divisor of 4 and a?
2
Let k(u) = 24*u**2 + 8*u - 16. Let s be k(-4). What is the greatest common divisor of 210 and s?
42
Let m be ((-6)/(-3))/((-1)/(-2)). Let p be 295/(-15) + m/6. Let t = p - -22. What is the greatest common factor of 1 and t?
1
Let o = -13 - -12. Let a be o + 3 + (2 - 0). Suppose 140 = a*w - 3*w. Calculate the highest common factor of w and 20.
20
Let z = -11049 - -11061. Let s be (3 + -2 + -44)/(-1). Suppose -3 = 2*f - 4*o - s, -3*f + 2*o = -44. What is the greatest common divisor of f and z?
12
Let i = 793 - 791. Suppose -4*o - 5*q = 101, 63 = -5*o - 5*q - 57. Let b be (-6 - o) + 6/i. Calculate the highest common factor of b and 48.
16
Suppose 16*q = 12*q - 288. Let p = 92 + q. Calculate the greatest common divisor of 4 and p.
4
Suppose -588 = -32*j + 20*j. Calculate the greatest common divisor of 98 and j.
49
Suppose 0 = 8*h - 385 + 105. Calculate the greatest common divisor of h and 315.
35
Let g = -63 + 64. Calculate the greatest common factor of g and 2.
1
Suppose 7*j = 3*l + 2*j - 35, 3*l = -5*j + 55. Let n = 0 + -3. Let f be ((-30)/(-9))/((-1)/n). What is the highest common factor of f and l?
5
Let q(l) = 4*l**2 + 45*l + 10 - 2*l**2 - 54*l. Let i be q(9). Let v be ((-15 - -15) + 13/(-4))*-4. Calculate the highest common divisor of v and i.
13
Suppose -3*q + 23 = -2*r - 8*q, -5*r - 5*q - 50 = 0. Let d be 12/(7/((-42)/r)). Calculate the highest common divisor of d and 64.
8
Let w be (-1)/(-3) - 89/(-3). Suppose -3*y + l + 101 + 304 = 0, l + 540 = 4*y. Let v be (y/(-18))/((-6)/16). What is the highest common factor of w and v?
10
Let c = -843 - -1545. What is the highest common factor of c and 54?
54
Let z be -88 - (-3 - (-5 - -3)). Let q = -76 - z. Calculate the greatest common factor of 88 and q.
11
Let s = 8 + 11. Let b be ((-40)/12)/5 + 68/(-6). Let q = s + b. What is the greatest common factor of q and 7?
7
Let r = -33 + 145. What is the greatest common divisor of 16 and r?
16
Let r(w) = 53*w**2 + 7*w + 15. Let g be r(-2). What is the greatest common factor of g and 142?
71
Let s(j) = j**3 - 10*j**2 - 14*j + 13. Let i be s(11). Let h = i + 39. Calculate the greatest common divisor of h and 38.
19
Suppose -3*n + 56 = n. Suppose -3*q + 44 = -4*t, 0 = 2*q + q + 2*t - n. Calculate the highest common factor of 20 and q.
4
Let z be (-4)/24 + (-3)/(-18) - -1. Let s be 126/10 + (-2)/(-5). Let l = s + -5. What is the greatest common divisor of z and l?
1
Suppose 4*h - 147 = 3*b, 12 = 2*b + 2*b. What is the highest common divisor of h and 81?
3
Let y = 215 + -194. Calculate the greatest common factor of y and 189.
21
Let p(o) = -o**2 - 12*o - 22. Let r be p(-10). Let z be -2 + 12/r*(-6)/4. Calculate the highest common divisor of z and 77.
7
Let q(l) = l**3 - 5*l - 7. Let m be q(3). Suppose -7 = -s - 5*f, -26 - 35 = -m*s + f. Calculate the highest common divisor of s and 6.
6
Suppose 0*j - 16 = -j. Let c be 30/(-35)*(-54 + -2). What is the highest common factor of j and c?
16
Let q(s) = s**3 - 10*s**2 + 10*s + 11. Let j(k) = -k**2 - 16*k - 39. Let n be j(-12). Let g be q(n). Calculate the highest common factor of g and 10.
10
Let c = 12 - -13. Let f = -32 - -37. Calculate the highest common divisor of f and c.
5
Suppose -12*s + 14*s = 168. Let f be 21/(-12)*s/(-7). Calculate the highest common divisor of 168 and f.
21
Let c be (-6)/(1 - -2)*(-8 + -2). What is the greatest common divis